pose -8 = -4*x, k = -10*x + 5*x + 9. Let d(t) = t**3 - t**2 - 2*t. Calculate the remainder when k/((-71)/35 + 2) is divided by d(3).
11
Let q = 3 + 27. What is the remainder when q is divided by 11?
8
Let t be (-3 + 2)*-13 - 1. Let u = t + -6. Calculate the remainder when 17 is divided by u.
5
Let j = 5 - 2. Let x(p) = 2*p**3 - 4*p**2 - p. Calculate the remainder when 28 is divided by x(j).
13
Suppose 5*b = -5*f + 2*b + 49, -5*f + 3*b + 61 = 0. Let o be 8/28 - 44/7. What is the remainder when (-4)/(-2)*(-123)/o is divided by f?
8
Let s(w) = w**3 + 4*w**2 + w + 4. Suppose 5*g + 2 + 13 = 0. What is the remainder when 18 is divided by s(g)?
8
Suppose -3*c = -c + w - 10, -3*c + 3*w + 6 = 0. Suppose z - c*z + 45 = 0. Let j(g) = -15*g - 1. Calculate the remainder when j(-3) is divided by z.
14
Suppose d + 15 = -2*m - 4*d, -4*m = 3*d - 5. Calculate the remainder when m is divided by 2.
1
Let t(a) = a**2 - 8*a - 10. Let p be 1*9 - (1 + 0). Calculate the remainder when t(10) is divided by (4/p)/(1/8).
2
Let p(j) = 10*j - 6. Let c = -6 - 4. Let o = c - -15. Calculate the remainder when p(o) is divided by 15.
14
Let h(m) = -2*m**3 + m**2 + m. Let r be h(-1). Suppose -n = -r - 9. What is the remainder when 32 is divided by n?
10
Suppose -16*x = -945 - 15. Calculate the remainder when x is divided by 31.
29
Suppose f + 80 = 3*f. Let d(t) = t + 11. Let l be d(-9). Suppose -2*m = -4*j + 54, -l*m + 37 + 21 = 4*j. Calculate the remainder when f is divided by j.
12
Let x = 22 - 13. Calculate the remainder when (10/(-4))/((-12)/72) is divided by x.
6
Let o(n) = n**3 - 3*n**2 - 3*n + 1. Suppose 2*p - 22 = -5*s, 4*p - 16 = -4*s + s. Let z be o(s). Let m = z - -1. What is the remainder when 10 is divided by m?
4
Suppose 9*l = -l + 130. Calculate the remainder when l is divided by 12.
1
Suppose 4*v - 4 = 2*v. Suppose -3*q = -g - 0*g - 1, -3*g + 37 = -q. Calculate the remainder when g is divided by (1 - v)/(1/(-5)).
4
Suppose 0 = -7*n + 3*n - 16. What is the remainder when 17 is divided by 296/56 - n/(-14)?
2
Let n = 42 + -13. What is the remainder when 114 is divided by n?
27
Suppose 0 = -s - 5*a + 39, -2*a = -4*s - s + 168. Let k = s - 15. Calculate the remainder when k is divided by -4 + 42/((-9)/(-3)).
9
Suppose 198 = 2*y + y - c, 3*y = 4*c + 189. Calculate the remainder when y is divided by 35.
32
Calculate the remainder when 51 is divided by -3*(104/(-12))/2.
12
Calculate the remainder when ((-3)/(-2))/(6/108) is divided by 10.
7
Suppose 2*a - 18 - 12 = -5*h, -h - 2*a - 2 = 0. What is the remainder when 38 is divided by h?
6
Let o be 4/5*(3 + 27). Let h = o + -20. What is the remainder when 12 is divided by h?
0
What is the remainder when (-2)/9 + (-245)/(-9) is divided by 2/5 + (-33)/(-5)?
6
Let i(q) = -q**2 - 3*q. Let z be i(-3). Suppose r - 2*p - 18 = -7, z = -2*r + 3*p + 17. Let y = 3 + -2. Calculate the remainder when y is divided by r.
0
Let y(a) = -a**3 + 4*a**2 - 2*a + 4. Calculate the remainder when 19 is divided by y(3).
5
Let s = -56 + 72. What is the remainder when 59 is divided by s?
11
Let i = 13 - 4. Suppose 0*f + f = i. What is the remainder when (0 - -2) + -4 + 27 is divided by f?
7
Let t = 4 - 6. Let o(g) = -g - 2. Let j be o(t). Suppose -5*c = -j*c - 10. Calculate the remainder when 3 is divided by c.
1
Suppose -4*j = n - 2*n - 513, 2*n + 258 = 2*j. Calculate the remainder when j is divided by 43.
42
Suppose 0 = -2*g + 131 - 25. Let r(j) = -j**3 - 8*j**2 - 11*j - 14. Calculate the remainder when g is divided by r(-7).
11
Let s = 10 + 6. Let b(i) = i**3 - 4*i**2 - 2*i - 6. Let a be b(5). Calculate the remainder when s is divided by a/(-36) - 50/(-8).
4
Let i = 65 - 24. Let d = i - 27. Calculate the remainder when d is divided by 5.
4
Suppose -5*m + 5*d = d - 80, -2*m - d = -45. Suppose l + 3*l = m. Calculate the remainder when 14 is divided by l.
4
Let o = 15 + -13. Suppose -o*i - i = -87. Calculate the remainder when i is divided by -2 - 24/(1 - 3).
9
Let m = -4 - -4. Suppose m*j = -3*j + 105. Suppose 3*c + 4*x - 20 = -2*c, -5*c + j = x. Calculate the remainder when 22 is divided by c.
6
Let d = -24 + 48. Suppose 0 = -5*r + 3*t + 51 - 4, 4*r + t = d. What is the remainder when r is divided by 4?
3
Suppose 0 = -3*z + 2*v + 113, 0*v + 3*v = 6. What is the remainder when z is divided by 14?
11
Let f(b) = -6 - 1 + 2*b**2 + 6. Let a(l) = -23*l + 1. Calculate the remainder when f(6) is divided by a(-1).
23
Suppose q - 15 = -0*q + 3*a, 5*q - 3*a - 39 = 0. Suppose 3*v - 5*k - 22 = 0, -4*v = -k - 3 - 15. Calculate the remainder when q is divided by v.
2
Suppose 3*a = 5*j - 0*a - 207, -2*a = 8. Let z be 1 - ((-21)/3 + -2). Let i = 30 - z. What is the remainder when j is divided by i?
19
Let a = -17 - -28. Let u = 18 - a. Suppose -8*n + 28 = -n. What is the remainder when u is divided by n?
3
Suppose 4*k - 23 = f, 2*f = -3*k - 0*f + 20. What is the remainder when k is divided by 3?
0
Suppose 0*y = -5*y + 35. What is the remainder when y is divided by (-5)/(-15) + (-22)/(-6)?
3
Let w(p) = 3*p. Calculate the remainder when (((-142)/(-6))/1)/(23/69) is divided by w(6).
17
Let q = -7 + 35. Calculate the remainder when q is divided by (-2)/(-3) + (-28)/(-3).
8
Let q(o) = o**3 + 2*o**2 - o. Let d be q(-2). What is the remainder when 28 - (2 - 0 - d) is divided by 10?
8
Suppose -t + 10 = -3*v, 3*v = 7*v - 4*t. Let m(u) = u**3 + 6*u**2 + 3*u + 2. Let s be m(v). Let d = s + 35. Calculate the remainder when d is divided by 16.
15
Let f = 284 - 165. What is the remainder when f is divided by 41?
37
Let r = 3 - -18. Calculate the remainder when ((-19)/4)/(3/(-12)) is divided by (1/3)/(1/r).
5
Let k(x) = x**2 - 11*x + 3. Let l be k(11). Let j(c) = -c**3 + c**2 + 2*c + 1. Let p be j(l). What is the remainder when (1 - 2)*2 - p is divided by 4?
1
Let b = -11 + 20. Suppose -6 = -2*f - p, 0*f - 2*p = 3*f - 8. Calculate the remainder when b is divided by ((-4)/(-6))/(f/30).
4
Suppose -20 - 3 = 4*a + 5*l, 4*l + 2 = 5*a. Let y be (30/18)/(a/(-12)). Let z = y + -4. What is the remainder when 22 is divided by z?
4
Suppose -4*l = -2*d - 2*d + 84, 2*d = l + 22. Calculate the remainder when 15 is divided by (24/(-10))/(6/l).
7
Suppose 0 = -5*p + 2*h + 3*h + 55, -4*h = 2*p - 10. Calculate the remainder when 26 is divided by p.
8
Let s = 2 - -15. Calculate the remainder when 49 is divided by s.
15
Suppose -6*o = -166 - 56. What is the remainder when o is divided by 21?
16
Let q = 77 + -55. Suppose -4*t - 100 = 4*b, 4*t + 182 = 4*b + 50. Let y = -17 - t. What is the remainder when q is divided by y?
10
Suppose 3*u - u = -3*q + 56, 2*u = -4*q + 78. What is the remainder when 84 is divided by q?
18
Let i(p) = -5*p + 3. Suppose -2*z + 11 = 5*d, z = -5*d - 2 - 0. What is the remainder when i(-4) is divided by z?
10
Let g(v) = 4*v + 15. What is the remainder when g(7) is divided by 23?
20
Let x be 3*(2 + -4 + 1). Let a be ((-2)/x)/(1/(-24)). Calculate the remainder when 15 is divided by (0 - -3)/(-6)*a.
7
Let s(i) = i**2 + 6*i - 9. Let f be s(-7). Let a = f - -9. Calculate the remainder when a is divided by 4.
3
Suppose 4*q - 284 = -q - y, -4*q - 5*y = -244. What is the remainder when q is divided by 19?
18
Let l be 2/(0 + -1 + 2). Suppose -l*a = 4*z - 6, 3*a + a - 3*z = 45. Suppose 8*m - 5*m - 75 = 0. What is the remainder when m is divided by a?
7
Suppose 0 = -w - 3, -3*w + 197 = -4*f + 882. Calculate the remainder when f is divided by 34.
33
Let u(q) = 3*q - 8. Suppose -2*j = -0*j - 12. Let l be u(j). Let b = -5 + l. What is the remainder when 13 is divided by b?
3
Let m(i) = 6*i - 92. Calculate the remainder when 81 is divided by m(19).
15
Let t(o) = 2*o + 8. What is the remainder when (-26)/91 + (-296)/(-7) is divided by t(7)?
20
Let w = -1 + -3. Suppose -x - 4*c + 4 = 3*x, -4*c + 2 = 2*x. Calculate the remainder when x is divided by (-7)/(-9) - w/18.
0
Let h(j) = j**2 + 6*j - 2. Let f be h(-7). Suppose f*w + 84 = 19. Let v = w - -20. Calculate the remainder when v is divided by 4.
3
What is the remainder when 2535/25 + 5 + 2/(-5) is divided by 27?
25
What is the remainder when 99/9 + 2/(-1) is divided by 4?
1
Suppose 4*u = 3*k - 0*u - 23, 5*u = -25. Let m(t) = -t**2 + 9*t + 1. Let n be m(9). What is the remainder when 31 is divided by (n/k - 2)*-11?
9
Let g(a) = -4*a**2 + a 